9 = 3*n + 126. Calculate the remainder when 298 is divided by w.
13
Let w(q) = 40*q - 2462. Calculate the remainder when w(75) is divided by 54.
52
Suppose -8*k + 9690 = 99*k - 10533. Suppose 0 = 4*d - 0 - 4, -3*d - 637 = -4*r. Suppose -2*o = 3*o - r. Calculate the remainder when k is divided by o.
29
Calculate the remainder when (-22)/(330/(-405)) - -474 is divided by (-3)/(6/(-2)) - -13.
11
Calculate the remainder when 964 is divided by 6/39 + ((-29470)/(-91) - -3) - 2.
314
Suppose 0 = -16*z - 963 + 291. What is the remainder when 14 is divided by z/56 + (-220)/(-16)?
1
Let i(p) = -2 + 23 + 52*p - 5. What is the remainder when i(7) is divided by 16?
12
Suppose 0*q = 4*q - 72. Suppose -3 + 1 = -g. Suppose 0 = -4*x, -2*j + g*x = -10 - 0. Calculate the remainder when q is divided by j.
3
Let t(k) = 2*k**3 - 230*k**2 + 4*k - 284. Calculate the remainder when t(115) is divided by 87.
2
Let i(o) = 3*o**2 - 229*o + 845. What is the remainder when i(73) is divided by 48?
19
Calculate the remainder when 152 is divided by (-9 + (-140)/7)/(-1).
7
Let p = 432 - 429. Suppose 3*t - 417 = p*m, 0*m = -5*m - 10. Calculate the remainder when t is divided by 30.
17
Suppose 30 = 2*c + 3*c. Let x = 147 + -142. Suppose 2*z = -5*i + 87, -z - x*i + 27 = -19. What is the remainder when z is divided by c?
5
Let g(m) be the third derivative of 0*m + 5/3*m**3 + 26*m**2 - 1/120*m**6 - 3/20*m**5 + 0 + 3/8*m**4. Calculate the remainder when 59 is divided by g(-10).
19
Suppose 4*b - 8*b - 796 = -4*k, -b = k - 195. What is the remainder when k is divided by 8?
5
Suppose -29719 = -111*x - 91*x + 39365. What is the remainder when 980 is divided by x?
296
Suppose -4*g = -4*w - 6*g + 24, 0 = 2*w - 3*g - 4. Suppose -24*b - w*b + 406 = 0. Calculate the remainder when 152 is divided by b.
12
Suppose 1540 = -65*h + 183*h - 90*h. Suppose 4*v + 2*x = -0*v + 844, 0 = -4*v - 5*x + 838. Calculate the remainder when v is divided by h.
47
Let x(s) = 28*s - 955. Calculate the remainder when 348 is divided by x(35).
23
Let b = 4003 + -2987. What is the remainder when b is divided by 172?
156
Let w(p) = 7*p**2 + 136*p - 923. Calculate the remainder when w(7) is divided by 111.
39
Let h = -56 + 66. Calculate the remainder when ((-828)/144)/((-2)/8) is divided by h.
3
Let o = -32 + 43. Let n = o + -12. What is the remainder when -3 + n + 3 + 3 is divided by 2?
0
Let r(d) = 20*d**2 - 22*d + 25. Calculate the remainder when r(3) is divided by 28.
27
Suppose 2*x + 51 = 3*b, 4*x - 21 = -4*b + 47. What is the remainder when 203 is divided by b?
16
Calculate the remainder when (-7100)/(-70) - (-4)/(56/(-6)) is divided by (88/28 + 2)*(-84)/(-8).
47
Let d(k) = -k**2 + 8*k + 1 + k**2 - k**2. Let c = -46685 + 46732. What is the remainder when c is divided by d(6)?
8
What is the remainder when 8195/20 - 84/112 is divided by 41?
40
Let q be 42 + 0*7/49. Suppose 0 = m - y - 20, -2*m = -5*y - 1 - q. Let u(d) = 2*d**2 - 3*d + 1. What is the remainder when u(5) is divided by m?
17
Let w(c) = 4*c - 3*c**2 + 0*c + 4*c**2 + 3. Let d = 3146 - 3156. Calculate the remainder when w(d) is divided by 22.
19
Suppose -25 = k + 5*o, 0*o + o = k - 5. Suppose 0 = 2*v - 5*v + 2*a + 23, -2*a + 10 = k. Calculate the remainder when v is divided by 5.
1
Let k(o) = -2*o - 11. Let b be k(-7). Suppose b*m + 162 = -3*m. Let x = -20 - m. Calculate the remainder when 10 is divided by x.
3
Suppose 38*u + 83*u = -29*u + 206550. What is the remainder when u is divided by 214?
93
Suppose -4*v + 8 = -3*v. Calculate the remainder when v is divided by 2*((9/2)/(-3) + 3).
2
Suppose -40*r - 1067 = -51*r. What is the remainder when r is divided by 2/(-30)*-18*30?
25
Suppose -129*t - 2 = -128*t, -3*t = -3*h + 2100. Calculate the remainder when h is divided by 11.
5
Let i(d) = d**3 - 16*d**2 + 31*d - 25. Let t be i(14). Suppose 13*o - 18270 = -t*o. What is the remainder when o is divided by 12?
9
Suppose s - 96 = 7*s. Let j(l) = -3*l - 23. Let i be j(s). Suppose a - i = 20. What is the remainder when a is divided by 16?
13
Let g = -441 - -240. Let o = 207 + g. Let n(t) = 3*t - 5. What is the remainder when n(5) is divided by o?
4
Suppose i = -15*m + 13*m - 3, -3*m - 12 = 0. What is the remainder when (-64)/(5/(-2) + 2) is divided by i?
3
Suppose -4*c + 3 = -d - 4, 0 = 5*d - 5. Suppose -m = 5*q - 52, 2*q = -q + c*m + 26. What is the remainder when 68 is divided by q?
8
Let s(w) = -98*w - 11. Let v be s(-2). Suppose 164 = v*b - 181*b. Calculate the remainder when 67 is divided by b.
26
Let u = -226 - -298. Calculate the remainder when 101 is divided by (-134)/(-8) - (-18)/u.
16
Let u = 6968 + -4825. What is the remainder when u is divided by 3?
1
What is the remainder when ((42940/(-8))/19)/(5/(-12)) is divided by 271?
136
Suppose 5*a = -3*u - 1, 4*u + 2*a - 2 = -8. What is the remainder when 88 is divided by (-20)/(-50) + (u - (-219)/15)?
10
Suppose 50*s + 84 = 54*s. Let z = 15 - s. Let j(w) = w**3 + 5*w**2 - 6*w + 3. What is the remainder when 17 is divided by j(z)?
2
Let y = 9448 - 9412. Calculate the remainder when 101 is divided by y.
29
Suppose -12119*b = -12121*b + 162. Calculate the remainder when 579 is divided by b.
12
Let p = -1611 - -1949. What is the remainder when p is divided by 68?
66
Suppose 0 = 80*c - 4060 + 620. Calculate the remainder when c is divided by (2/(-6))/(1/(-66)).
21
Let v = 18510 - 18437. Suppose 3*f - g - 67 = -2*g, 2*f - 39 = 5*g. What is the remainder when v is divided by f?
7
Suppose 3*u + 5*x - 873 = 0, -53*u - 538 = -55*u + 4*x. Calculate the remainder when u is divided by 92.
5
Suppose 2*h + 3*s - s = 12, -2*s + 9 = h. Suppose 105 = h*j - 273. What is the remainder when j is divided by 13?
9
Let m = -8535 - -8547. What is the remainder when 15863 is divided by m?
11
Let z(u) = 2*u**3 - 21*u**2 - 34*u + 28. Calculate the remainder when 386 is divided by z(12).
22
Let a = 2626 + -2554. Calculate the remainder when 276 is divided by a.
60
Calculate the remainder when 404 is divided by 35/(525/(-162))*-5.
26
Let u be (360 - (-3)/6*-2)*1. Let g = -311 + u. What is the remainder when g is divided by 7?
6
Suppose 150 = -11*l + 21*l. Suppose 2*s + 4*q + 22 = 3*s, -33 = -3*s + q. Calculate the remainder when 3 + 1 - -9*70/l is divided by s.
6
Let q(k) = -k**2 - 16*k - 28. Let b be q(-11). Suppose 22*o + 1070 = b*o. Calculate the remainder when o is divided by 18.
16
Let s be (11 + -9)*(-2 + 58/4). Suppose -3*f + 28 + 19 = 2*y, f + 3*y - s = 0. Calculate the remainder when (-3)/6 + 229/2 is divided by f.
10
Let k = -37 + 46. Suppose -o + 10 - k = 0. Let l = 29 + o. What is the remainder when l is divided by 11?
8
Suppose -9*f = -11*f + 234. Let j = f - 42. Suppose 57 = 4*y - j. Calculate the remainder when y is divided by 9.
6
Let j be 4 + (0 - (-7)/1). What is the remainder when (11/j)/((-1)/(-26 - 1)) is divided by 8?
3
What is the remainder when 317 is divided by 24 - ((16/(-6))/(-4))/(2/3)?
18
Let p(c) = -280*c + 884. What is the remainder when p(3) is divided by 19?
6
Let i(c) = c**2 + 33*c + 144. Calculate the remainder when 274 is divided by i(-5).
2
Let q = -150 + 175. Suppose q*b - 168 = 307. Calculate the remainder when b is divided by 12.
7
Let m be (4/5)/(1*(-4)/(-10)). Suppose 17 = -4*b + m*b - q, -2*q + 6 = -b. What is the remainder when (-804)/b*(-4)/(-6) is divided by 34?
33
Let i = 502 - 180. What is the remainder when i is divided by 77/2 - 12*85/408?
34
Suppose q + q = 1000. Suppose -4*g + b = -q, -3*g = -3*b - 104 - 262. What is the remainder when g is divided by 6/(-4) + 21641/646?
30
Let y(o) = 12*o**2 - 26*o + 49. Calculate the remainder when 76 is divided by y(2).
31
Suppose 8*a - 1957 - 12707 = 0. Suppose 27*d - a = 543. Calculate the remainder when d is divided by 21.
4
Let d = -9 + 39. Suppose -4*j = -d - 22. Calculate the remainder when 167 is divided by j.
11
Suppose -5167 + 537 = -10*x. Let s = -234 + x. Suppose r - 64 = -6. What is the remainder when s is divided by r?
55
Let d(s) = 4*s**3 + 3*s - 4. Let l be d(2). Let v = l - -144. Let w = v - 113. Calculate the remainder when w is divided by 22.
21
Suppose -3*o + 724 - 115 = -l, -4*o - l + 826 = 0. Calculate the remainder when o is divided by 105.
100
Suppose 5*u + 5*z = 10, 4*u = -5*z - 3 + 6. Let q = u - -15. Suppose 2*r - 7*r - 